-1 - 6)?
-3
-6 - (-8 + (8 - (4 + 0)))
-2
Evaluate -12 - (-1 + -25 + 14).
0
What is the value of (-13 - (-24 - -8)) + 3 + 0?
6
What is 3 + -3 + (-3 - 0)?
-3
What is the value of -4 - (-3 + (5 - 4))?
-2
Evaluate -5 + 6 + (-4 - -7).
4
What is the value of -16 + -10 + 19 - (-5 + 0)?
-2
What is the value of -1 - -7 - (-29 - -36)?
-1
What is the value of (0 - (-2 + 2)) + (5 - 3)?
2
What is (-5 - 1 - -7) + -4 + 1?
-2
What is -39 + 36 + (2 - -7)?
6
What is -8 - -6 - (1 + -2)?
-1
Evaluate 47 + -38 + (-1 - 1).
7
10 + -18 + 11 + -5
-2
What is the value of 274 + -270 - (1 + (0 - 2))?
5
Calculate (-6 - -14) + 2 - 14.
-4
What is 4 + (-8 - -11) + -2 + 2?
7
What is the value of -8 - -5 - 2 - -4?
-1
What is -5 - (-5 + -1 + 4)?
-3
What is the value of 0 + -1 + -3 + 3 - 1?
-2
(1 - -2) + (-40 - -35)
-2
4 + (0 - 1) - (31 - 22)
-6
(-1 - (-4 + 3)) + 6 - 10
-4
Calculate 11 - (12 - (-3 + 7)).
3
5 + (-2 - 0) - 4
-1
(9 - 2 - 1) + 47 + -51
2
(-15 - (-7 - -8)) + 8
-8
What is the value of 0 + (1 - (-4 - (-1 - 3)))?
1
What is 1 - (-8 - -8 - -5 - 14)?
10
What is the value of 2 + -1 + (8 - 7)?
2
Calculate 5 - (5 - (-10 - (0 + -3))).
-7
What is 0 + (3 - 1) + -1?
1
What is the value of -4 - -12 - 4 - (7 - 10)?
7
What is -2 + 0 - (-1 - 8 - -4)?
3
What is -4 + -3 - (-23 - (-16 - -5))?
5
Calculate -1 - -3 - (-4 - -4) - -3.
5
What is the value of 6 + -4 - 0 - 3?
-1
Evaluate (60 - 56) + (-1 - 2).
1
What is the value of -1 + 7 - ((-6 - -5) + 5)?
2
What is -2 + (0 - -1) - (-67 - -60)?
6
What is the value of 1 - (3 - 1) - (2 - 5)?
2
What is the value of -3 + 16 - 13 - (-2 - -1)?
1
Evaluate 1 + 2 + 12 + -20.
-5
Calculate 2 + 5 + 3 - 5 - 6.
-1
What is the value of 8 + -4 + 2 + -2?
4
Calculate (-2 - -2) + 5 - (8 - -1).
-4
-6 + 11 + 3 + -2
6
Evaluate -2 - (-4 + 5) - 5.
-8
What is the value of -3 + 4 + -2 + 6 + 0?
5
Evaluate 87 - 84 - (-6 + 2).
7
Evaluate -8 - (-5 - -6 - 11).
2
Evaluate -3 + 2 + (2 - -4) + -2.
3
What is the value of 6 - (1 - (4 + -9) - 4)?
4
Calculate 5 - (10 - 11 - -8).
-2
What is 1 + (1 - (1 + -2) - -1)?
4
0 + (3 - 2) + -5
-4
-6 + 3 + 4 - 3
-2
What is 8 + -3 + 10 + -14?
1
Calculate (11 - 14) + (7 - 2).
2
Calculate (6 - 5) + 6 + -6.
1
Evaluate -7 - -2 - (3 - -2 - 5).
-5
What is the value of 21 + -29 + (-1 + -2 - -18)?
7
11 - 9 - (3 - 4)
3
Evaluate (0 - -1) + (9 - 9) + -2.
-1
(13 - 6 - 11) + 10
6
Calculate 1 - ((-2 - -8) + -3 + 0).
-2
Calculate 11 + (1 - 8) + -8 + -4.
-8
What is the value of (-8 - -2) + (-3 - -11)?
2
What is (6 + 1 - 5) + -8?
-6
What is the value of (-167 - -170) + (1 - 15)?
-11
What is -11 - -7 - (0 + -1 + 1)?
-4
24 + -7 + 3 + -9
11
What is -1 + 1 - (-112 - -119)?
-7
What is the value of 0 + 0 + 8 + -7?
1
-8 + -1 - (-3 - -3 - 4)
-5
What is 8 + 0 + -19 + 3?
-8
What is the value of 4 + (-1 - 4) + 4 - -3?
6
What is 2 - (6 - ((-5 - -10) + -1))?
0
What is 2 + (-5 - 1 - (13 - 15))?
-2
What is the value of (5 - (-4 + 4)) + -8?
-3
Calculate 2 + 2 + (-2 - 0) + 3.
5
Evaluate -5 + 1 + (-5 + 1 - -15).
7
Evaluate 1 + 2 - -1 - -1.
5
What is 3 + 3 + 0 - 3?
3
-1 + (-4 - (5 + -6))
-4
What is the value of 1 - (9 + -20 + 7)?
5
What is the value of -3 + 3 + -1 + -32 + 26?
-7
What is (-3 - (-17 - -6)) + -3 + 0?
5
Evaluate -1 - 1 - -6 - (-3 + 10).
-3
What is the value of (-1 - (-3 - -2 - -1)) + 1?
0
(1 - (-1 - -4)) + 2
0
Evaluate (12 - 0) + (3 - 4) + -6.
5
Calculate -4 + 8 + (4 - 3) - 4.
1
Evaluate ((-5 - -1) + 2 - 3) + 1.
-4
What is 1 - (-2 - (2 + (-1 - 6)))?
-2
What is the value of (-2 - (-1 + -1 - -4)) + 2?
-2
What is the value of (4 - 5) + (4 - 2 - 4)?
-3
Calculate 0 - (-3 + 1 - 4).
6
Calculate (5 - (5 - 10)) + -5.
5
What is the value of -7 + 1 + -123 + 133?
4
What is (17 - 12) + (0 - 8)?
-3
What is (-1 - -2) + (-20 - -15)?
-4
Calculate 1 + -3 - (4 - 1).
-5
Calculate -1 + -1 + -2 + -2 + 9.
3
-4 - (1 + -1) - 0 - 0
-4
What is 1 + -2 - 3 - -1 - 0?
-3
Evaluate 15 + -25 - (7 + -14).
-3
Evaluate 18 + -30 + 1 + 1.
-10
What is 1 + -6 - (18 - 23)?
0
Calculate 13 - (-11 - -18) - (1 + -1).
6
Calculate 5 + (-8 - (-7 - (5 - 3))).
6
What is the value of 0 - ((-3 - -4) + -3)?
2
What is the value of (-1 - 2) + (-11 - (-30 + 19))?
-3
-3 - (-6 - ((5 - 7) + 3))
4
4 + (-2 - (-2 + 5))
-1
What is the value of 1 + 1 - (14 - (19 - 9))?
-2
What is -1 + (0 + -6 - (3 + -11))?
1
Evaluate 6 + 10 + (-1 - 6).
9
What is (4 - 1 - 6) + 4 + 2?
3
(4 - 0 - 1) + -5 + 3
1
What is the value of 10 - 15 - (-4 - -1)?
-2
What is (0 - -1) + -4 + (7 - 4)?
0
Evaluate -1 + 2 + -7 + 1.
-5
1 + (-1 - (-5 - -5)) - 4
-4
(4 - 7) + 1 - -3
1
Evaluate (-2 - -1) + (-4 + 8 - 0).
3
-6 + 9 + 0 + -8 + 0
-5
What is the value of -2 - (-4 - (-4 - (-7 + 0)))?
5
18 + -26 - (1 - (0 - -16))
7
What is the value of -9 + 1 + 3 + 2 + -2?
-5
Evaluate -2 - ((-9 - -4 - -6) + -4).
1
-3 + (4 - -7 - (2 - 0))
6
What is 0 + 0 - (1 + -8)?
7
4 - -4 - (3 - 2) - 16
-9
Calculate (-1 - 9) + 8 + 3.
1
What is the value of -4 - (-7 + 6 + 3)?
-6
What is the value of 0 + (0 - 11 - -5)?
-6
-4 + (-1 - -2) - (-2 - 1)
0
What is the value of -2 - (1 - 4) - (1 + -3)?
3
Evaluate (-1 - -3 - -1) + 2 + 0.
5
Evaluate 4 + (8 - 4) + -5.
3
Calculate -7 + 3 - (-4 + 3 - 1).
-2
-11 + -1 + (22 + -3 - 17)
-10
Calculate -1 + (-8 - (-9 + -1)).
1
Evaluate 6 + 0 + (11 - -1 - 13).
5
Evaluate -10 - 0 - (-8 + 8 + -1).
-9
What is (-2 - (-3 - -2 - -1)) + 1?
-1
What is the value of 1 - (4 + 7 + -8)?
-2
Evaluate (-4 - (5 + -10)) + 3.
4
Calculate (17 + -8 - 4) + -12.
-7
(7 - -2) + (-4 + 0 - -2)
7
Evaluate -3 + 3 - (2 - 0).
-2
Evaluate (-1 - -3) + 2 - (-1 + 0).
5
-6 - (5 - 13 - 4)
6
What is the value of -7 - -12 - -8 - 8?
5
-3 + 3 + -3 + 4
1
Calculate 3 + (2 - (2 + 11)).
-8
Calculate (3 + 1 - 2) + 1 + -7.
-4
Calculate 9 - 0 - (11 + 0 + -7).
5
What is -1 + -5 + -5 + 13?
2
(3 - 2 - 1) + 3 + -3
0
Evaluate 1 + (-1 - (16 - 9)).
-7
(-15 - (13 - 8)) + 12
-8
-3 + (-2 - -4) + 1 + -1
-1
8 + -4 - 1 - 3
0
-6 - (-8 + 3 - (1 - 2))
-2
-9 - -3 - (8 + -17 - -10)
-7
Calculate (1 - (7 - 3)) + 2 + 4.
3
What is the value of 0 - ((-2 - -5) + -3) - -5?
5
What is 3 + -1 + (-5 - -3)?
0
What is 7 - 3 - 6 - 2?
-4
What is the value of -13 + (11 - (9 - 4)) + 14?
7
Evaluate (45 - 49) + 10 + -1.
5
What is the value of -4 + 2 + -5 - -7?
0
Evaluate -4 + 11 + -3 - 4.
0
Calculate (2 - 3) + 0 + -2 + 5.
2
What is (-3 - (0 + (2 - 3))) + 2?
0
Calculate (-17 - -16) + -2 + -2 - -10.
5
What is the value of (-1 - (-1 - 2)) + -17 + 19?
4
What is (5 - 5) + (-3 - -4)?
1
Evaluate (15 - 17) + 6 + -1.
3
Evaluate 16 - 21 - (-5 - 0).
0
0 + 3 - (7 + -2)
-2
What is -1 + (-19 - -9) + 13?
2
-1 - ((-4 - 0) + 0)
3
What is the value of 16 + -2 + (29 - 34)?
9
Calculate -1 + 5 - (-8 + 7 + 2).
3
What is 2 + (6 - (8 - 7))?
7
What is the value of 6 - 8 - (-9 + -3 + 2)?
8
What is -10 + 0 - (-148 + 148)?
-10
Evaluate -3 + (5 - -1) + (5 - 2).
6
Evaluate 3 + 0 + -4 + (5 - 2).
2
What is the value of (4 - (-3 + 3)) + (-4 - 1)?
-1
What is the value of -1 - 2 - (7 + -3 + -6)?
-1
Evaluate (1 - (-8 - -8)) + 7.
8
Evaluate -2 + -6 + 4 + -1 + 1.
-4
Calculate 11 - (11 + -12 + 7).
5
What is -2 - (7 + (3 - 6) - 1)?
-5
What is the value of -4 + -8 + 1 - -5?
-6
What is the value of 10 + (-8 - -2) + -1?
3
What is the value of 4 + -3 + 6 + -10 + 1?
-2
Calculate 4 + -2 + 0 + (-7 - -4).
-1
(-5 - 1) + (7 - 9) + 12
4
-5 + (1 - (6 + -17))
7
(-15 - -18) + 1 + 0
4
-2 + -1 + 0 + 0
-3
-3 - (-7 + (-3 - -5))
2
Calculate -2 + (2 - (-6 + 3)) + 2.
5
Evaluate -8 + (-10 - -8) + 8.
-2
What is -6 + (-8 - -1 - -7)?
-6
(3 - -7) + -5 + 4 + -7
2
Evaluate (-3 - (5 + 0)) + (5 - 0).
-3
What is the value of 2 - ((0 - -3) + 12 + -14)?
1
Evaluate -33 + 31 + (-1 - 2).
-5
What is -10 - (5 - 8 - 4)?
-3
-3 - (5 - (2 + 5 + -5))
-6
1 - (-5 + -1 + 4 + 8)
-5
Calculate -13 - -32 - 24 - (-1 - -1).
-5
What is 5 + -2 + -1 + -3?
-1
Evaluate -5 - (-6 - (-3 + 5) - -2).
1
(-6 - (-9 - -6)) + -3
-6
What is the value of -6 + (6 - -4) - 7?
-3
Calculate 8 + (5 - 15) + 6.
4
What is the value of -5 - -9 - 7 - -1?
-2
What is 3 + -3 + 2 + 0?
2
(-2 - 2 - -7 - 4) + 3
2
Evaluate 2 - (0 - -1 - (-14 + 11)).
-2
Calculate -5 - (5 + -9) - 1.
-2
What is 2 + 2 - (-6 + 12)?
-2
Evaluate 6 - (6 - (0 + -3)).
-3
What is (8 - 4) + (-2 - (4 - 2))?
0
Calculate 9 + -11 - 4 - -9.
3
What is (-3 - 0) + 1 - -4?
2
What is the value of 3 + -4 + 9 + -4?
4
Evaluate -14 + 18 - (0 - 0).
4
0 + 0 - (-17 + 16)
1
(6 - -2 - 10) + (-3 - -4)
-1
(4 - -10) + -6